
1110111111011100000101
1c7893 (base 15) to base 12
571986
What is -5714733 (base 8) in base 12?
-62710b
-20009c (base 13) to base 5
-142231330
Convert -87309 (base 10) to base 2.
-10101010100001101
1200012100 (base 3) to base 4
20002311
-2563446 (base 7) to base 2
-1010001110010010110
What is 14610 (base 9) in base 5?
304342
-10100011010000011100011 (base 2) to base 15
-70a103
What is -4440312 (base 6) in base 8?
-663464
Convert -106711 (base 8) to base 9.
-54710
What is -4507 (base 11) in base 6?
-43252
-7bdb (base 14) to base 11
-15218
-10101000110011110 (base 2) to base 6
-1504050
What is -6ced (base 16) in base 10?
-27885
-10100000010110001000 (base 2) to base 12
-2780b4
What is -10cab (base 14) in base 2?
-1001111111010111
Convert 304205 (base 6) to base 15.
72ce
Convert -327426 (base 9) to base 11.
-124058
Convert -60145 (base 12) to base 6.
-2400525
What is -21231332 (base 4) in base 9?
-60538
What is -111100101001100010100010 (base 2) in base 11?
-8a79aa2
-11130403 (base 6) to base 7
-2606412
Convert 114739 (base 11) to base 10.
181905
-11000111010101100110 (base 2) to base 7
-6640266
Convert -1460426 (base 8) to base 14.
-ac502
-331396 (base 10) to base 4
-1100322010
What is -13563015 (base 7) in base 9?
-2354266
a98d (base 14) to base 15
8a54
Convert -485744 (base 9) to base 14.
-78a80
Convert -1861 (base 15) to base 16.
-1492
-38a9dc (base 14) to base 10
-1950198
What is 136461 (base 10) in base 2?
100001010100001101
Convert -2256754 (base 9) to base 15.
-1911ba
Convert 101010111110011 (base 2) to base 10.
22003
-1220122211001 (base 3) to base 16
-f83f5
15412141 (base 6) to base 3
1000202010021
-112244001 (base 5) to base 2
-1111100010101000011
510535 (base 6) to base 12
1b44b
What is 10001001001010010 (base 2) in base 4?
101021102
What is 4934053 (base 11) in base 6?
504001224
Convert -10111001010111110001100 (base 2) to base 5.
-3023334002
What is -12302110223 (base 5) in base 2?
-111000110000100001011101
Convert -342152 (base 9) to base 13.
-723b6
What is -211322301 (base 4) in base 15?
-31043
Convert -3112232003 (base 4) to base 11.
-550858
What is 111400023 (base 5) in base 14?
cd120
What is -101001110101100110111 (base 2) in base 11?
-857005
Convert -77578 (base 11) to base 6.
-2224450
-524a67 (base 12) to base 14
-259851
-7cac (base 13) to base 11
-12204
1002001012101 (base 3) to base 9
1061171
Convert -3200611 (base 7) to base 3.
-201122200021
Convert 2035001 (base 7) to base 3.
110102000002
121305b (base 12) to base 16
358d87
Convert -2002111220022 (base 3) to base 13.
-2cc41a
Convert 549 (base 16) to base 5.
20403
Convert 21320221 (base 4) to base 6.
511241
Convert 11023212220 (base 4) to base 15.
1bc69d
What is 4b9969 (base 12) in base 10?
1240353
Convert -24389b (base 14) to base 13.
-3450ab
Convert 3146350 (base 12) to base 13.
1c0840b
Convert -92578 (base 15) to base 14.
-c0d53
Convert 101001111100000010000 (base 2) to base 15.
1c229e
98b40 (base 16) to base 7
5213351
10111100111101010010 (base 2) to base 8
2747522
-10461004 (base 7) to base 16
-dd134
What is -b586b3 (base 13) in base 16?
-40c904
1373166 (base 8) to base 15
7abb9
What is 4050634 (base 8) in base 10?
1069468
Convert -14745 (base 16) to base 5.
-10140111
What is -525025004 (base 6) in base 3?
-122022011001011
112121200000 (base 3) to base 5
33201322
1201111221 (base 3) to base 8
102166
What is -30195 (base 15) in base 5?
-14332430
-15774266 (base 9) to base 4
-132021111312
What is 361346 (base 8) in base 11?
84974
Convert 1011010010001011111110 (base 2) to base 7.
34100064
What is -380265 (base 12) in base 15?
-13069e
What is 14043112 (base 10) in base 8?
65443750
What is 65462214 (base 7) in base 8?
25320634
What is c7ba4b (base 14) in base 4?
121301023003
Convert -86197 (base 12) to base 2.
-101011000110000011
3862a4 (base 11) to base 5
123433443
-101100100010100001101 (base 2) to base 14
-29dc3b
-76603 (base 13) to base 15
-436a1
-56d79b (base 14) to base 16
-2d1dfd
151cd (base 16) to base 9
141555
1660403 (base 9) to base 4
3201323310
What is -1001110001110101111111 (base 2) in base 16?
-271d7f
What is -29037 (base 10) in base 8?
-70555
Convert 141500 (base 9) to base 16.
1519b
Convert -372b88 (base 12) to base 11.
-562856
2213310311 (base 5) to base 13
ccb0ca
4d479 (base 16) to base 14
834db
What is -1430434121 (base 5) in base 15?
-4e57e1
Convert -2645a7 (base 11) to base 7.
-3351545
Convert -3747458 (base 11) to base 12.
-221b770
Convert 2031210 (base 7) to base 9.
410233
-8124c (base 13) to base 7
-1651503
What is 21221202 (base 3) in base 6?
42502
What is 234151102 (base 6) in base 3?
22021112220102
Convert 1113202125 (base 6) to base 12.
4100345
What is 101211102001112 (base 3) in base 5?
2433133441
1321021210 (base 4) to base 9
835624
What is -123111033 (base 4) in base 7?
-644250
1242022 (base 6) to base 4
100203332
Convert -20122210123 (base 4) to base 14.
-415cdd
What is 110141 (base 9) in base 16?
100c0
Convert -2322131013 (base 4) to base 14.
-15c475
-4101606 (base 7) to base 12
-1b6526
What is -4817c4 (base 16) in base 14?
-8adb6c
What is 11100011011101110000 (base 2) in base 12?
38b214
What is 4b981 (base 15) in base 13?
8607a
4dc4a (base 16) to base 9
534851
What is -331410123 (base 5) in base 7?
-15124533
-106073 (base 9) to base 10
-63489
What is 1c0f3c (base 16) in base 6?
103225244
What is -100021001212002 (base 3) in base 9?
-10231762
What is -103242 (base 11) in base 2?
-101000010111010100
Convert -7426d (base 15) to base 12.
-159264
426a (base 15) to base 16
36e2
-1111110010111111101 (base 2) to base 13
-1517b8
Convert -485120 (base 9) to base 7.
-2325363
Convert 11002110011 (base 3) to base 16.
13a86
What is 1021210201002 (base 3) in base 16?
a73f6
-13686a (base 12) to base 10
-322642
Convert 5333438 (base 10) to base 11.
3013100
-10123221320 (base 4) to base 15
-17e3b8
-4255246 (base 7) to base 8
-1763656
What is 3c2449 (base 15) in base 8?
13023040
3130203413 (base 5) to base 4
120300233210
21001022212021 (base 3) to base 13
a12207
What is -bcc60b (base 13) in base 11?
-2572684
What is -b1b45 (base 15) in base 9?
-1047002
What is 2424122 (base 5) in base 2?
1011000111100001
-736400 (base 10) to base 14
-152520
What is -17afd (base 16) in base 2?
-10111101011111101
Convert -1e165 (base 16) to base 12.
-5b399
Convert -4046636 (base 7) to base 15.
-97ebe
33322421 (base 5) to base 3
112211212120
-1d34cb (base 15) to base 10
-1428716
What is -134003334 (base 7) in base 14?
-122928b
102212101011112 (base 3) to base 14
ba2148
-1345370 (base 9) to base 10
-738783
What is -96424 (base 13) in base 8?
-1021131
Convert -283668 (base 10) to base 7.
-2261010
What is 2020502 (base 8) in base 10?
532802
What is -112331123112 (base 4) in base 5?
-3020100044
-210af2 (base 16) to base 12
-885216
3249c (base 14) to base 6
2335122
What is -32542313 (base 7) in base 14?
-52c7b3
Convert 32001113 (base 6) to base 9.
1672320
-489b50 (base 14) to base 4
-21132310222
What is 26706 (base 9) in base 6?
215353
Convert 10665163 (base 8) to base 6.
121425231
286197 (base 10) to base 2
1000101110111110101
Convert -27370 (base 14) to base 11.
-66743
-40134455 (base 7) to base 13
-8c3096
-4498cc (base 15) to base 16
-31eeaf
-2021420 (base 6) to base 11
-66374
Convert 35435332 (base 6) to base 15.
16da28
Convert -a2d3e (base 15) to base 7.
-4246220
What is a89705 (base 12) in base 3?
12000200121112
What is -3232314 (base 10) in base 15?
-43cac9
What is 4904319 (base 11) in base 14?
11c4a8a
Convert -4f8556 (base 16) to base 4.
-103320111112
What is -105524 (base 7) in base 5?
-1100120
Convert -47563 (base 10) to base 7.
-255445
Convert -10001111101111 (base 2) to base 15.
-2ad4
Convert 1000001101000110 (base 2) to base 7.
166656
What is -d2827 (base 15) in base 6?
-22142344
What is -29fe19 (base 16) in base 3?
-12011211001212
-5571003 (base 8) to base 3
-2211101202100
Convert -1101111001110110101110 (base 2) to base 10.
-3644846
Convert 551464 (base 7) to base 14.
272db
32cee (base 15) to base 11
100413
-10002110021 (base 3) to base 9
-102407
What is -54bb43 (base 13) in base 10?
-1996790
Convert 39841 (base 10) to base 15.
bc11
What is -211021213 (base 4) in base 9?
-251654
-31878 (base 12) to base 2
-1111111010011100
What is -3032611 (base 9) in base 4?
